) = n**3 + n + 20. Let u be x(0). What is the highest common factor of w and u?
10
Let o be (-12)/(-3)*10/5. Calculate the greatest common divisor of 1 and o.
1
Let n = 2 - -3. Suppose -n*o = -7 - 58. Suppose 2 + o = u. Calculate the greatest common factor of u and 10.
5
Let p be (-6)/(-15)*10/4. What is the greatest common factor of 11 and p?
1
Let w(d) = d**2 + 2*d + 1. Let o be w(2). Calculate the highest common factor of 81 and o.
9
Suppose c - 84 - 14 = 0. Let h = c - 23. Suppose -3*g + 0*g = -4*r + 132, -g = 4. Calculate the highest common factor of h and r.
15
Let b be 2/(-7) - 88/(-14). Let r = 1 - -4. Suppose r*m = m + 72. What is the highest common factor of m and b?
6
Suppose 1050 = 2*x + 3*x - 2*u, -4*u + 420 = 2*x. What is the highest common divisor of x and 30?
30
Let m(w) be the second derivative of w**4/12 + 5*w**3/6 + 3*w**2 - 7*w. Let x be m(-10). What is the highest common factor of x and 7?
7
Let m(k) = 3*k**2 - 2 + 4*k - 3*k**3 + 1 + k**2. Let n be m(-3). Let h be 0 - -11 - (-4 - -2). What is the highest common factor of h and n?
13
Let g = 14 - 10. Suppose g*k + 7 = 43. Calculate the highest common factor of k and 1.
1
Let u(j) = 2*j**2 - 5*j - 1. Let m be u(4). Let d = -3 - -3. Let y = 1 - d. What is the highest common factor of m and y?
1
Suppose 16*x + 128 = 18*x. Calculate the highest common divisor of x and 192.
64
Let s = 4 + 19. Let n = s + 7. Calculate the highest common factor of 75 and n.
15
Let l(r) = -r + 5. Let c be l(-4). Let u = -4 + 0. Let p be ((-6)/u)/(7/126). What is the highest common divisor of c and p?
9
Let k(p) be the first derivative of -3*p**2/2 - 6*p + 1. Let d be k(-9). Calculate the greatest common factor of 84 and d.
21
Let i(u) = -u + 2. Let j be i(0). Suppose -j*r = -4*r + 32. Calculate the greatest common factor of r and 2.
2
Let k(o) = o**3 - 8*o**2 + 15*o + 16. Let h be k(7). Suppose -13 = -p - 3*n, -n = -2 - 3. Let g = 6 - p. What is the greatest common divisor of g and h?
8
Let o be (-313)/2 + 1/(-2). Let x = o - -283. Calculate the highest common factor of x and 18.
18
Let n = -4 - -13. Let l = n + 9. Calculate the highest common divisor of 18 and l.
18
Let z(u) = -u**2 - 11*u - 9. Let x be z(-7). Suppose 423 = 4*c - 109. Calculate the highest common factor of x and c.
19
Let m be ((-43)/(-3))/((-1)/(-3)). Let n = 169 - m. Calculate the greatest common divisor of n and 14.
14
Let z be (11 + -10)/(1/11). What is the greatest common divisor of 77 and z?
11
Let q be -1 + -11*(2 - 3). Suppose 140 = -0*v + 2*v. Let i be (v/4)/(3/12). Calculate the greatest common factor of q and i.
10
Let s = 16 + -23. Let t be -2 - (s + 1 - 0). What is the greatest common divisor of t and 12?
4
Let c be (-21)/12*(1 - 13). Suppose 5*l - c - 4 = 0. Calculate the greatest common factor of 20 and l.
5
Let v(q) be the first derivative of 3*q**2/2 + q - 10. Let x be v(1). What is the highest common divisor of 44 and x?
4
Let i(r) = r**2 + 8*r - 32. Let l be i(-13). What is the greatest common divisor of l and 132?
33
Let v = -3 - -5. Let f be (v - 1) + -1 + 48. Let t be (2/5)/((-2)/(-40)). Calculate the highest common factor of f and t.
8
Let f = -139 + 232. Let m be (32 + -1)*(-1 - -3). What is the highest common divisor of f and m?
31
Let l be (0/(-2))/(2/2). Suppose 6*o - 2*o - 1568 = l. Suppose 4*u = 2*c + 404, 4*u - 3*c - o = -4*c. Calculate the greatest common factor of 9 and u.
9
Suppose 0 = -3*m + v + 10, -3*m + 0*m + 6 = -3*v. Let w = 18 - -2. Calculate the greatest common divisor of m and w.
4
Let k(a) = a**3 - a - 2 + 4*a**2 + 1 + 0*a + 3*a. Let p be -2 + (0 - 2/2). Let r be k(p). What is the highest common factor of r and 14?
2
Let o be 2 - -25*(-4)/(-2). What is the highest common factor of o and 130?
26
Let x be 142/6 + 14/(-21). Calculate the greatest common divisor of x and 23.
23
Let k(q) = 9*q**3 - q**2 + q - 1. Let m be k(1). Calculate the highest common divisor of 32 and m.
8
Let i be (4 + -1 - 4)/((-2)/252). Calculate the highest common divisor of 42 and i.
42
Let a be (0 - 6)/(4/(-126)). Calculate the greatest common divisor of a and 27.
27
Suppose 4*k - 133 = -105. Suppose 3*z + 14 = 4*z. Calculate the greatest common factor of k and z.
7
Let c be (3/(-9))/((-1)/3). What is the highest common factor of c and 5?
1
Let u = 19 - -11. Let q = -13 - -25. Calculate the greatest common factor of q and u.
6
Suppose 0 = -5*f - 3 + 13. Suppose -f*l + 432 = 2*l. What is the greatest common divisor of 12 and l?
12
Let r(j) = j + 3. Let o be r(9). What is the greatest common divisor of 84 and o?
12
Let q = -8 + 228. Let p = 71 + -51. What is the highest common factor of q and p?
20
Suppose -m = 0, -5*b + 2*m - 65 + 915 = 0. Suppose -2*u = -20 - 116. What is the highest common divisor of b and u?
34
Let o = -1 + 5. Let u = 6 - o. Suppose 0 = -3*m + 4*m - 3*q + u, -3 = -4*m + q. What is the greatest common divisor of m and 5?
1
Let d = -186 - -47. Let i = 269 + d. Calculate the greatest common divisor of 52 and i.
26
Suppose p - 10 = -3*n, p + 2*p - 3*n = 30. Calculate the highest common divisor of p and 5.
5
Suppose 0 = -3*b - 2*y + 9 + 10, b = -2*y + 13. Calculate the greatest common divisor of b and 33.
3
Suppose 4*b - 3268 = -2*i, 0 = 3*b - 0*i + 4*i - 2441. Suppose -4*u + b = 339. Calculate the greatest common divisor of u and 15.
15
Suppose -4*b - 4*i + 10 - 54 = 0, -3*b + 3*i = 3. Let p(j) = 1 - 16*j - 4 + 3 - 6. Let z be p(b). Calculate the greatest common divisor of 10 and z.
10
Suppose 3*s = 3*o + 432, -2*s = 2*s + o - 586. Let c = 61 + s. Calculate the greatest common factor of c and 23.
23
Suppose 0*b + b = 32. Suppose -4*q + 4*y + 8 = 0, q - 6*q = 2*y - 38. Let m be q/1 - 8/4. Calculate the greatest common factor of b and m.
4
Let t = -6 - 7. Let w = 24 + t. Calculate the highest common factor of 55 and w.
11
Suppose 2*x - 183 = -3*i, -3*i - 87 = -0*x - x. Calculate the greatest common divisor of 10 and x.
10
Let m = 47 - 19. Let s = 10 + -7. Suppose 2*b - s = -5*h, -9 = -2*b - 2*h + 3*h. Calculate the greatest common divisor of b and m.
4
Let p be 1 - -1 - (3 - -2). Let a = 39 + p. Calculate the greatest common factor of a and 18.
18
Let z(x) = -x**3 + 8*x**2 + 3. Let k be z(8). Let u = 1 + 0. Let l be ((-6)/(-7))/(u/28). What is the greatest common factor of k and l?
3
Let t be 4/22 - 31/(-11). Suppose -4*l = -o + 43, -5*o - 2*l = t*l - 190. Let d = -25 + o. Calculate the highest common divisor of d and 84.
14
Suppose 15 = -0*f + f - 3*w, -12 = -4*f - 4*w. Let x be -1*f/3 + 9. Calculate the greatest common factor of x and 49.
7
Let g(d) = 2*d**2 + 4*d + 5. Let b be g(-4). Let t = 188 - 104. What is the greatest common divisor of t and b?
21
Let t(o) = 4*o - 4. Let p be t(6). What is the highest common divisor of p and 5?
5
Let a(p) = -p**3 - 2*p**2 - 5*p - 4. Let m be a(-3). Let f(q) = 5*q**2 + 5*q. Let b be f(-4). What is the highest common divisor of m and b?
20
Let j be (1 - 0 - -3) + 12/3. Suppose 1 = -l + 2. What is the highest common factor of j and l?
1
Let c(m) = m**3 + 11*m**2 - 6*m - 9. Let y be c(-6). What is the highest common divisor of 23 and y?
23
Let y(s) = s**3 + s**2 - 2*s. Let w be y(-2). Suppose -l = -5*q + 61, -4*q + l + w + 48 = 0. Calculate the highest common divisor of 91 and q.
13
Let b(j) = -j**2 + 4*j + 7. Suppose -p - 2*p + 15 = 0. Let s be b(p). What is the highest common divisor of s and 8?
2
Suppose -132 = -4*h - 5*x, -h + 19 + 3 = 4*x. What is the highest common factor of 57 and h?
19
Let o = -17 - -62. Let k(j) = j**3 - 5*j**2 - 4*j + 3. Let d be k(6). What is the greatest common factor of d and o?
15
Suppose -5*h = 4*k + 16, -h - 15 = 5*k + 5. Suppose 2*c - 44 = -h. Calculate the highest common factor of 88 and c.
22
Let u = -26 + 58. Calculate the greatest common divisor of u and 8.
8
Let g be 1 + 30 + 1/(-1). Suppose -10*s + 9*s = -13. Suppose 3*a = s + 5. What is the highest common factor of a and g?
6
Let i(h) = h**2 + 5*h + 6. Let z be i(-4). Let a(d) = 5*d + 0 + d**z + 3 - 2 - 6. Let q be a(-7). What is the greatest common divisor of 63 and q?
9
Let d be 3/24*4*14. Let j be (-4)/(-10) - 278/(-5). What is the highest common factor of d and j?
7
Suppose 0 = 3*w - 10*w + 28. Calculate the greatest common factor of w and 24.
4
Let c be (-4)/(-3)*(-